) - 5
-5
What is the value of 11 + 19 + -43 + 22?
9
-11 + -11 + 17 + 15 + -10
0
What is the value of -12 + 20 + -7 - (-1 + -9 + -2)?
13
Evaluate 18 + -3 - (-25 - (-43 - -4)).
1
-14 + (-4 - -19) - (-8 + -1)
10
Calculate (-79 - -41) + 46 + (17 - 2).
23
What is the value of -6 + 2 - 0 - (-114 - -111) - -9?
8
Evaluate (-220 - -215) + -1 + 8.
2
4 + 6 + -21 + 48 + -22
15
What is the value of 7 + -2 - (-184 - -182 - (17 + 1))?
25
What is -11 - 2 - (-73 - -52)?
8
Evaluate -3 + 0 + 163 + -159.
1
What is the value of 2 - ((8 + -15 - -14) + -6 - 1)?
2
What is the value of -1 + -9 - (12 + 14 + -25)?
-11
Evaluate (-1 - (11 - 6)) + 8 + 0.
2
Evaluate 12 + -1 + (7 - 14) + -5.
-1
What is the value of -38 + 41 + (-2 - -5) + 2?
8
Calculate (21 - (16 - 1)) + (-5 - (-4 + -3)).
8
Calculate -4 - (6 - (-7 + 10) - 11).
4
What is the value of (-95 - -61) + (-6 - -22)?
-18
175 + -191 + -2 + 35
17
What is the value of -47 + 0 - (-1680 - -1667)?
-34
Evaluate (0 - 4) + (-11 - -5).
-10
Calculate -18 + 14 - (1 + 15).
-20
What is 7 + -22 + (-2 - (-10 + 10))?
-17
What is 2 + (3 - (1 + -3 - (46 + -44)))?
9
Calculate 13 - 6 - ((1 - -5) + -8).
9
What is the value of (-14 - -1) + (203 - 183)?
7
Calculate (7 - (1 - -14)) + (-4 - 8).
-20
Calculate 3 + (-13 - 1) - (9 + -5 - 3).
-12
What is the value of 10 + -4 - (-14 + 21 + 2)?
-3
Calculate 37 - 52 - (-2 + 3).
-16
What is the value of -189 + 190 + (-18 - 0 - (2 + 0))?
-19
Evaluate 51 - 15 - (7 - -12).
17
What is -3 - (-3 + (15 - 12))?
-3
What is the value of (-1 - 6) + 1 + -1 + (58 - 44)?
7
Calculate -20 + (-6 - -11) - 1.
-16
What is the value of -1 - (2 - (7 - (2 + 6 + -5)))?
1
What is the value of -5 + 0 + -2 + 22 + -19?
-4
What is the value of 3695 + -3678 - (2 + -3 - (1 + -11))?
8
-16 - -2 - (-182 - -142)
26
-1 + 1 - (184 - 193)
9
Evaluate -1 + 43 + -2 - ((-43 - -39) + 13).
31
Evaluate 10 + 15 + -25 + -12 - (9 - -2).
-23
What is the value of (3 + -1 - (4 + 1)) + (-407 - -418)?
8
Evaluate 12 + (-1 - 3) + 3 + (9 - 16).
4
What is the value of (0 - 0) + (7 - 21 - -23)?
9
What is the value of 12 - (-3 - (-3 - -4)) - 22?
-6
What is -19 - (-50 - (3 + -21))?
13
Calculate -14 - ((5 - 5) + -22).
8
-6 + (6 - (-11 + -3 + 7)) - -29
36
Calculate -18 + (0 + 5 - -1).
-12
Calculate 7 - ((8 + -6 - 4) + 2 + -11).
18
(-5 - (-13 - -5)) + 14 + 8
25
What is the value of 25 - (-47 - -26 - -37)?
9
What is -10 + 19 - (6 + -10)?
13
What is 67 + -78 - (-39 + 9)?
19
Evaluate (-7 - (-12 + -23)) + -27.
1
(73 - 80) + (0 - 1)
-8
Calculate 4 - (-33 - -24 - 1).
14
Evaluate -26 - (-31 + -2 + 36).
-29
What is the value of (10 - (2 + -8) - 11 - 43) + 3?
-35
128 - 130 - (5 + -8 + 18)
-17
Evaluate -6 + (9 + 24 - (-10 - -14)).
23
What is 19 - (19 - (7 - -11))?
18
What is the value of 18 - (17 + 8 + -5)?
-2
What is 0 - 51 - ((-5 - -36) + -46)?
-36
-9 + -1 + 1 + (14 - -6) + -22
-11
-3 + (1 - (-2 - 4 - -14))
-10
13 - (17 - 9 - -21)
-16
Calculate (-39 - -33) + -30 - -34.
-2
((1 - -3) + (4 - 11) - -2) + 7
6
What is the value of 269 - 289 - (-35 - -1)?
14
-2 + 4 - -19 - (33 + -52 - -11)
29
-5 + (24 - -17) + -23
13
What is (-4 - -2 - -9) + 432 + -463?
-24
35 + -1 + -41 + 28
21
0 - 18 - -2 - (14 + -16)
-14
-19 - 0 - -1 - (48 + -33)
-33
Calculate (3 - 11 - (-2 + (1 - -6))) + 3.
-10
What is the value of (9 - 1) + -40 + (-13 - -36)?
-9
Calculate (10 - (19 - -4)) + 11 + -21.
-23
-4 - (-18 - -2 - 3)
15
Calculate 7 + 4 + 0 + -6.
5
Evaluate 9 + -9 + -6 + (-3 - (-1 + -1)).
-7
What is the value of (3 - 1) + -1 + -1 + -1 + 1?
0
Evaluate (-4 - 2) + (7 + 6 + -13 - -2).
-4
(-13 - 3 - (-7 + 7)) + 7
-9
What is the value of -31 + (-20 - -31) - -36?
16
(7 - -2) + (1 - 18)
-8
What is the value of 12 + 0 - (-4 - (0 - 12))?
4
-10 - (-18 + 19 + -1 + 5 + -3)
-12
Evaluate 55 + -47 + (-8 - -4).
4
What is the value of 10 + (14 - 15) - (21 - 20)?
8
Evaluate 22 - (1 + (8 - -17)).
-4
Evaluate 5 - (0 + (10 - 5 - 7)).
7
Evaluate -11 - 4 - (0 + -5).
-10
Evaluate -23 + 7 - (-6 - (0 + -7 + 3)).
-14
Evaluate -25 - ((-12 - -27) + -35).
-5
Calculate 1 - (-5 - -5 - (0 + (7 - 10))).
-2
What is the value of -3 + -2 + (9 - 0) - 19?
-15
Calculate -14 + 6 + ((-9 - -12) + 5 - -17).
17
What is the value of -7 + (2 - 1) + 16?
10
Calculate (20 - (12 + -8)) + -28 + -9.
-21
What is -1 - 4 - (11 - (10 + 24))?
18
13 - (-7 - -28) - 5
-13
What is 2 + -16 + 31 - 13 - (-1 + -24)?
29
Calculate -15 - ((16 + -20 - -15) + -12).
-14
What is 9 + -12 + 4 + 0?
1
Calculate 8 + 0 + 2 + -61 + 39.
-12
Calculate -6 - (5 + (-54 - -19)).
24
Calculate 4 + 1 - (-16 + (15 - 10) + 24).
-8
Evaluate 147 + -159 + (-2 - -21).
7
What is the value of -7 + -1 - (979 + -967)?
-20
(34 + -2 - 9) + -5
18
What is the value of (0 + -21 - -7) + (2 - -1)?
-11
What is -2 + 11 + (2 - 15)?
-4
What is the value of -1 + 0 + (-10 - -12) + (-34 - -43)?
10
15 + -9 + 8 - -2
16
Calculate (8 - (-15 - -9)) + 0.
14
-41 + 25 + 0 - -13
-3
What is -21 - ((-17 - -8) + -3 + -2)?
-7
Evaluate -15 - (-6 + 1) - 2.
-12
(-8 - -21) + -20 + (0 - 6)
-13
Evaluate 1 + -1 + 10 + -9.
1
Evaluate -1 + -6 + -3 + -6 - (-6 - 0).
-10
What is the value of -24 + (5 - (7 - (10 - 0)))?
-16
Calculate (-5 - (-1 - (-9 - -6))) + 4 + 18.
15
-3 - -6 - 20 - (-6 + -8)
-3
What is the value of (2 - -10) + (12 - -1) + -13?
12
What is 12 - (-28 - -38 - (1 - 0))?
3
Evaluate (-14 + -25 - (11 - 1)) + 13.
-36
What is -193 - -184 - (2 - 1)?
-10
Evaluate 3 + (-5 - -9) - (0 + (1 - 10)).
16
-13 + 17 + -23 + 13
-6
Evaluate -15 - (16 + -2 + -22).
-7
What is the value of 118 + -102 + (-1 - 19)?
-4
-2 + -14 + (65 - 62)
-13
What is 6 + 1 + -1 + -4 + -5?
-3
What is -14 - (4 - 13) - (-1 + -8) - 22?
-18
What is 1 + 3 + (5 + (1 - 6) - 0)?
4
Calculate 3 - 0 - (-3 + 0 + 9 - 9).
6
What is the value of 0 + 6 + -18 - ((-2 - 2) + -2)?
-6
Calculate -54 + (10 - -15 - -2).
-27
What is -2137 + 2125 + (-1 - 1) + -1?
-15
Evaluate 0 + 17 - ((-4 + -15 - 0) + 17).
19
What is the value of 55 + -32 - (1 + 7) - 26?
-11
What is the value of 5 - (20 - 27 - (2 - (29 - 0)))?
-15
What is the value of (-1 + 1 + 11 - (-36 + 45)) + 3?
5
-22 - (-11 - 8) - -15
12
(0 - -15 - (31 - 21)) + 4
9
(14 - 17) + 1 + 1 + -2 + 8
5
Evaluate -11 + 21 - 18 - -11.
3
What is 3 + (16 - 6) + -7 + -13?
-7
What is the value of -3 - (-5 - -3) - (-40 + (54 - 25))?
10
What is the value of -13 + (-3 + -1 - (-3 + 17))?
-31
What is the value of 13 + (-2 - -8 - 9) - 12?
-2
(7 - (3 + -11)) + -27
-12
What is 13 + (-11 - (-17 - (-1 + 1)))?
19
Calculate 14 + (-31 - (-6 - 6)) - 4.
-9
Evaluate (0 - (-1 + -6)) + -5 + 17 + -14.
5
4 + (-1 - (2 + -4)) + (16 - 3)
18
What is -1 + 6 + -2 + (40 - 1) + -15?
27
Calculate -13 - (-11 - 19) - (1 - -31).
-15
Calculate (-4 - -4) + 4 - 10 - -5 - -12.
11
Evaluate -36 + 1 + (63 - 27) + -25.
-24
Evaluate -18 + -1 + 24 + (5 - (20 - 1)).
-9
What is the value of (-16 - -1 - (146 + -166)) + -19?
-14
Calculate 16 + 12 + -19 - -3.
12
-8 + 4 + 5 + 6 - (20 + 0)
-13
Evaluate 5 + -26 + 17 - (1 + -6) - -4.
5
What is (-173 - -195) + -11 + -1?
10
What is -5 - ((-3 - (7 - 3)) + (3 - 2))?
1
What is -71 - -68 - (1 + -3 + 14)?
-15
Evaluate -137 - (16 + -111) - (-4 + 1).
-39
Evaluate 11 + 2 - (7 - (0 - -6) - 0).
12
What is the value of 5 + (6 - -1) + (-25 - -30) + -32?
-15
-5 + -1 + -3 + -11 + -27 + 38
-9
What is the value of 8 + (1 - -1 - (-49 + 52)) + -1?
6
What is the value of -2 + 1 + 3 + (-2 - 8)?
-8
What is 7 - (7 - 3 - (11 + -4) - -16)?
-6
What is -26 - -1 - (-43 - -34) - -7?
-9
What is 5 - (-20 - 31 - -29)?
27
What is the value of -29 - (-5 - (12 + -16 - -12))?
-16
Evaluate -353 - -349 - (-3 + 0).
-1
(14 - 28) + 26 - 6
6
What is the value of -4 - 1 - (-684 - -689)?
-10
What is the value of -18 + 5 - (0 + -8)?
-5
1 + 4 + 23 + (-8 - (-6 - -6))
20
Calculate -6 + 21 + -5 + (0 - 9).
1
Evaluate 11 - ((4 - 1) + 3 - 2).
7
Evaluate -12 + (-1 - 3 - (-10 - 19)).
13
Calculate -18 - (10 + -40 - -17).
-5
Calculate (-203 - -197) + 19 + -1 + 1 + 2.
15
-482 + 493 + (-17 - -1)
-5
Calculate -22 + -2 + 15 + 11 + -9.
-7
-31 + (7 - (-8 - 8))
-8
-16 + (26 - 22) + -5 + -2
-19
What is 1 - 11 - (137 + -90 + -83)?
26
What is -1021 - -1017 - ((10 + 1 - 0) + -2)?
-13
What is the value of (-7 - (-9 - -1)) + -12 - (0 + 4)?
-15
Evaluate (14 + (8 - 5) - -2) + -1 + -1.
17
-1 + 6 + -8 + 5 + -8 + 18
12
Evaluate 7 + (-17 - -15) + -4.
1
What is the value of 8 + -7 + (10 - 5) + -3 + -3?
0
What is the valu